{"id":456,"date":"2020-11-27T22:40:25","date_gmt":"2020-11-28T03:40:25","guid":{"rendered":"https:\/\/madecolombia.com\/col\/?page_id=456"},"modified":"2020-12-03T13:24:40","modified_gmt":"2020-12-03T18:24:40","slug":"politicas-de-envio-colombia","status":"publish","type":"page","link":"https:\/\/madecolombia.com\/col\/politicas-de-envio-colombia\/","title":{"rendered":"Pol\u00edticas de env\u00edo Colombia"},"content":{"rendered":"\t\t<div data-elementor-type=\"wp-page\" data-elementor-id=\"456\" class=\"elementor elementor-456\" data-elementor-settings=\"{&quot;element_pack_global_tooltip_width&quot;:{&quot;unit&quot;:&quot;px&quot;,&quot;size&quot;:&quot;&quot;,&quot;sizes&quot;:[]},&quot;element_pack_global_tooltip_width_tablet&quot;:{&quot;unit&quot;:&quot;px&quot;,&quot;size&quot;:&quot;&quot;,&quot;sizes&quot;:[]},&quot;element_pack_global_tooltip_width_mobile&quot;:{&quot;unit&quot;:&quot;px&quot;,&quot;size&quot;:&quot;&quot;,&quot;sizes&quot;:[]},&quot;element_pack_global_tooltip_padding&quot;:{&quot;unit&quot;:&quot;px&quot;,&quot;top&quot;:&quot;&quot;,&quot;right&quot;:&quot;&quot;,&quot;bottom&quot;:&quot;&quot;,&quot;left&quot;:&quot;&quot;,&quot;isLinked&quot;:true},&quot;element_pack_global_tooltip_padding_tablet&quot;:{&quot;unit&quot;:&quot;px&quot;,&quot;top&quot;:&quot;&quot;,&quot;right&quot;:&quot;&quot;,&quot;bottom&quot;:&quot;&quot;,&quot;left&quot;:&quot;&quot;,&quot;isLinked&quot;:true},&quot;element_pack_global_tooltip_padding_mobile&quot;:{&quot;unit&quot;:&quot;px&quot;,&quot;top&quot;:&quot;&quot;,&quot;right&quot;:&quot;&quot;,&quot;bottom&quot;:&quot;&quot;,&quot;left&quot;:&quot;&quot;,&quot;isLinked&quot;:true},&quot;element_pack_global_tooltip_border_radius&quot;:{&quot;unit&quot;:&quot;px&quot;,&quot;top&quot;:&quot;&quot;,&quot;right&quot;:&quot;&quot;,&quot;bottom&quot;:&quot;&quot;,&quot;left&quot;:&quot;&quot;,&quot;isLinked&quot;:true},&quot;element_pack_global_tooltip_border_radius_tablet&quot;:{&quot;unit&quot;:&quot;px&quot;,&quot;top&quot;:&quot;&quot;,&quot;right&quot;:&quot;&quot;,&quot;bottom&quot;:&quot;&quot;,&quot;left&quot;:&quot;&quot;,&quot;isLinked&quot;:true},&quot;element_pack_global_tooltip_border_radius_mobile&quot;:{&quot;unit&quot;:&quot;px&quot;,&quot;top&quot;:&quot;&quot;,&quot;right&quot;:&quot;&quot;,&quot;bottom&quot;:&quot;&quot;,&quot;left&quot;:&quot;&quot;,&quot;isLinked&quot;:true}}\" data-elementor-post-type=\"page\">\n\t\t\t\t\t\t<section class=\"elementor-section elementor-top-section elementor-element elementor-element-4bc748b elementor-section-boxed elementor-section-height-default elementor-section-height-default\" data-id=\"4bc748b\" data-element_type=\"section\">\n\t\t\t\t\t\t<div class=\"elementor-container elementor-column-gap-default\">\n\t\t\t\t\t<div class=\"elementor-column elementor-col-100 elementor-top-column elementor-element elementor-element-ae82540\" data-id=\"ae82540\" data-element_type=\"column\">\n\t\t\t<div class=\"elementor-widget-wrap elementor-element-populated\">\n\t\t\t\t\t\t<div class=\"elementor-element elementor-element-8593de2 elementor-widget elementor-widget-heading\" data-id=\"8593de2\" data-element_type=\"widget\" data-widget_type=\"heading.default\">\n\t\t\t\t<div class=\"elementor-widget-container\">\n\t\t\t\t\t<h1 class=\"elementor-heading-title elementor-size-default\">Pol\u00edticas de env\u00edo Colombia<\/h1>\t\t\t\t<\/div>\n\t\t\t\t<\/div>\n\t\t\t\t<div class=\"elementor-element elementor-element-2598e30 elementor-widget elementor-widget-text-editor\" data-id=\"2598e30\" data-element_type=\"widget\" data-widget_type=\"text-editor.default\">\n\t\t\t\t<div class=\"elementor-widget-container\">\n\t\t\t\t\t\t\t\t\t<p>Realizamos env\u00edos dentro del territorio Colombiano, la seguridad, la cobertura y la calidad en el servicio, son primordiales para que su compra llegue a donde est\u00e9.\u00a0<\/p><p>Los siguientes t\u00e9rminos aplican para todos los env\u00edos realizados dentro del territorio Colombiano.<\/p><p>-Los precios publicados en el sitio web NO incluyen costos de env\u00edo, salvo cuando expresamente lo indique alguna referencia o promoci\u00f3n en particular.<\/p><p>-Los precios de los productos pueden cambiar en cualquier momento sin previo aviso, no se pueden combinar promociones de otros medios distintos a los presentados en este sitio web.<\/p><p>-El cliente debe proporcionar una direcci\u00f3n v\u00e1lida localizable dentro de Colombia donde pueda hacerse la entrega del pedido. En caso de que el cliente proporcione una direcci\u00f3n que no sea localizada por la compa\u00f1\u00eda transportadora o cualquier otro costo adicional ser\u00e1 cubierto por el cliente mismo. No podemos procesar pedidos con la direcci\u00f3n de entrega incompleta.<\/p><p><strong><em>\u00bfCuando enviaremos su pedido y cu\u00e1les son los tiempos de entrega?<\/em><\/strong><\/p><p>Por lo general, los pedidos son entregados a la compa\u00f1\u00eda transportadora un d\u00eda h\u00e1bil despu\u00e9s de confirmado su pago.<\/p><p>&#8211; Si el pago de su compra es confirmado de lunes a viernes, el primer d\u00eda h\u00e1bil es el d\u00eda en que recibe la confirmaci\u00f3n del pago.<\/p><p>&#8211; Si el pago de su compra es confirmada el s\u00e1bado, domingo o d\u00eda festivo, el tiempo de entrega es disponible a partir del siguiente d\u00eda h\u00e1bil de la confirmaci\u00f3n de su pago.<\/p><p>&#8211; Igualmente debe tener presente que solo los pedidos que ocurren antes de las 4:00 pm cuentan como del mismo d\u00eda; todo pedido que ocurra despu\u00e9s de las 4:00 p.m. se contar\u00e1 a su tiempo de entrega oficial desde el d\u00eda h\u00e1bil siguiente.<\/p><p>&#8211; Una vez despachada la orden, enviaremos un correo electr\u00f3nico confirmando el env\u00edo de su pedido, con el n\u00famero de seguimiento y el nombre de la compa\u00f1\u00eda transportadora prestadora del servicio.<\/p><p>Entregamos en todas las ciudades y municipios donde existe cobertura a trav\u00e9s de las compa\u00f1\u00edas de transporte con las que contratamos servicios. En las entregas dependemos totalmente de las condiciones de cada una de las compa\u00f1\u00edas transportadoras, as\u00ed mismo de las condiciones climatol\u00f3gicas y zonas de riesgo de cada entidad.<\/p><p><strong><em>\u00bfQu\u00e9 debe tener en cuenta al momento de recibir su pedido?<\/em><\/strong><\/p><p>-Instamos a todos nuestros clientes a que examinen los paquetes por si hubiese da\u00f1os o alteraciones al momento de recibir y firmar su recepci\u00f3n, todos los paquetes enviados por nosotros van perfectamente empacados y vinipelados en caso de que su pedido le sea entregado con da\u00f1o f\u00edsico por parte de la transportadora, usted debe de agregar una nota al firmar el manifiesto al empleado del servicio de paqueter\u00eda indicando que el paquete presenta se\u00f1ales de maltrato (Caja abierta, golpeada, perforada, mojada, etc.) Sin esta anotaci\u00f3n usted recibe de conformidad el paquete. Si el empleado del servicio de paqueter\u00eda no le permite anotar en el manifiesto de entrega usted NO deber\u00e1 de recibir el paquete.<\/p><p>-Si usted sospecha que la caja que le est\u00e1 entregando el empleado del servicio de paqueter\u00eda no contiene lo que usted compr\u00f3 ya sea por el peso o tama\u00f1o del empaque NO deber\u00e1 de recibirlo indicando al empleado del servicio de paqueter\u00eda los motivos y deber\u00e1 de reportarlo con nosotros inmediatamente para hacer la aclaraci\u00f3n de su pedido al correo electr\u00f3nico <a href=\"mailto:info@madecolombia.com\">info@madecolombia.com<\/a> (Asunto: Paquete con anomal\u00edas Colombia)<\/p><p>-Una vez recibido el paquete por usted o alguna persona mayor de edad en la direcci\u00f3n de entrega, cuenta con 12 horas para reportar anomal\u00edas por da\u00f1o f\u00edsico o faltante en su pedido, despu\u00e9s de este plazo no procede ning\u00fan cambio o reclamaci\u00f3n.<\/p><p><strong><em>IMPORTANTE:<\/em><\/strong><\/p><p>-Los precios de env\u00edo se calculan de acuerdo al destino final del paquete y al peso volum\u00e9trico del empaque que contiene el o los productos.<\/p><p>-Si tiene instrucciones especiales para la entrega de su pedido o necesita otra opci\u00f3n de env\u00edo o servicio prioritario, por favor cont\u00e1ctenos escribiendo a <a href=\"mailto:info@madecolombia.com\">info@madecolombia.com<\/a> (Asunto: Instrucci\u00f3n de envi\u00f3 Colombia) o ll\u00e1menos al (315)253-9594.<\/p><p>-Para recibir el pedido debe estar presente una persona mayor de edad.<\/p><p>-Para informaci\u00f3n sobre env\u00edos internacionales, por favor visite <u>Pol\u00edticas de Env\u00edos Internacionales<\/u>.<\/p><p><strong><em>PREGUNTAS FRECUENTES SOBRE ENV\u00cdOS:<\/em><\/strong><\/p><p>\u00bfQu\u00e9 puedo hacer si no recib\u00ed mi pedido?\u00a0<\/p><p>Si no recibi\u00f3 su pedido, le pedimos que por favor nos contacte:<\/p><p>&#8211; A trav\u00e9s de WhatsApp a la l\u00ednea (315)253-9594<\/p><p>&#8211; A trav\u00e9s de nuestro correo electr\u00f3nico <a href=\"mailto:info@madecolombia.com\">info@madecolombia.com<\/a> (Asunto: No recib\u00ed mi paquete Colombia).<\/p><p>&#8211; En nuestro Sitio Web WW.MADECOLOMBIA.COM en el formulario de <a href=\"https:\/\/madecolombia.com\/col\/contacto\/\">\u2018Cont\u00e1ctenos\u2019.<\/a><\/p><p>\u00bfPuedo cambiar la direcci\u00f3n de entrega?<\/p><p>Para cambiar la direcci\u00f3n de entrega de su pedido y \u00a0tomar su solicitud le pedimos que por favor se contacte con nosotros dentro de las primeras 12 horas seguidas a la confirmaci\u00f3n de su pedido.<\/p><p>&#8211; A la l\u00ednea (315)253-9594.<\/p><p>&#8211; A trav\u00e9s de nuestro correo electr\u00f3nico <a href=\"mailto:info@madecolombia.com\">info@madecolombia.com<\/a> (Asunto: Cambiar direcci\u00f3n de envi\u00f3 Colombia).<\/p><p>&#8211; En nuestro Sitio Web WW.MADECOLOMBIA.COM en el formulario de <a href=\"https:\/\/madecolombia.com\/col\/contacto\/\">\u2018Cont\u00e1ctenos\u2019.<\/a><\/p><p>\u00bfPuedo comprar por la tienda Online y recoger en alguna locaci\u00f3n?<\/p><p>S\u00ed el cliente est\u00e1 ubicado en la ciudad de Bogota- Colombia tienen la opci\u00f3n de comprar los productos y elegir la opci\u00f3n de recogida en persona. Esta opci\u00f3n est\u00e1 disponible en el proceso de pago, este servicio es gratuito.<\/p>\t\t\t\t\t\t\t\t<\/div>\n\t\t\t\t<\/div>\n\t\t\t\t\t<\/div>\n\t\t<\/div>\n\t\t\t\t\t<\/div>\n\t\t<\/section>\n\t\t\t\t<\/div>\n\t\t","protected":false},"excerpt":{"rendered":"<p>Pol\u00edticas de env\u00edo Colombia Realizamos env\u00edos dentro del territorio Colombiano, la seguridad, la cobertura y la calidad en el servicio, son primordiales para que su compra llegue a donde est\u00e9.\u00a0 Los siguientes t\u00e9rminos aplican para todos los env\u00edos realizados dentro del territorio Colombiano. -Los precios publicados en el sitio web NO incluyen costos de env\u00edo, &#8230; <a title=\"Pol\u00edticas de env\u00edo Colombia\" class=\"read-more\" href=\"https:\/\/madecolombia.com\/col\/politicas-de-envio-colombia\/\" aria-label=\"Read more about Pol\u00edticas de env\u00edo Colombia\">Leer m\u00e1s<\/a><\/p>\n","protected":false},"author":1,"featured_media":0,"parent":0,"menu_order":0,"comment_status":"closed","ping_status":"closed","template":"elementor_header_footer","meta":{"inline_featured_image":false,"footnotes":""},"class_list":["post-456","page","type-page","status-publish"],"yoast_head":"<!-- This site is optimized with the Yoast SEO plugin v26.0 - https:\/\/yoast.com\/wordpress\/plugins\/seo\/ -->\n<title>Pol\u00edticas de env\u00edo Colombia | MADECOLOMBIA<\/title>\n<meta name=\"description\" content=\"Pol\u00edticas de env\u00edo Colombia Realizamos env\u00edos dentro del territorio Colombiano, la seguridad, la cobertura y la calidad en el servicio, son primordiales\" \/>\n<meta name=\"robots\" content=\"index, follow, max-snippet:-1, max-image-preview:large, max-video-preview:-1\" \/>\n<link rel=\"canonical\" href=\"https:\/\/madecolombia.com\/col\/politicas-de-envio-colombia\/\" \/>\n<meta property=\"og:locale\" content=\"es_ES\" \/>\n<meta property=\"og:type\" content=\"article\" \/>\n<meta property=\"og:title\" content=\"Pol\u00edticas de env\u00edo Colombia | MADECOLOMBIA\" \/>\n<meta property=\"og:description\" content=\"Pol\u00edticas de env\u00edo Colombia Realizamos env\u00edos dentro del territorio Colombiano, la seguridad, la cobertura y la calidad en el servicio, son primordiales\" \/>\n<meta property=\"og:url\" content=\"https:\/\/madecolombia.com\/col\/politicas-de-envio-colombia\/\" \/>\n<meta property=\"og:site_name\" content=\"MADECOLOMBIA\" \/>\n<meta property=\"article:publisher\" content=\"https:\/\/www.facebook.com\/distribucionmadecolombia\/\" \/>\n<meta property=\"article:modified_time\" content=\"2020-12-03T18:24:40+00:00\" \/>\n<meta name=\"twitter:card\" content=\"summary_large_image\" \/>\n<meta name=\"twitter:label1\" content=\"Tiempo de lectura\" \/>\n\t<meta name=\"twitter:data1\" content=\"5 minutos\" \/>\n<script type=\"application\/ld+json\" class=\"yoast-schema-graph\">{\"@context\":\"https:\/\/schema.org\",\"@graph\":[{\"@type\":\"WebPage\",\"@id\":\"https:\/\/madecolombia.com\/col\/politicas-de-envio-colombia\/\",\"url\":\"https:\/\/madecolombia.com\/col\/politicas-de-envio-colombia\/\",\"name\":\"Pol\u00edticas de env\u00edo Colombia | MADECOLOMBIA\",\"isPartOf\":{\"@id\":\"https:\/\/madecolombia.com\/col\/#website\"},\"datePublished\":\"2020-11-28T03:40:25+00:00\",\"dateModified\":\"2020-12-03T18:24:40+00:00\",\"description\":\"Pol\u00edticas de env\u00edo Colombia Realizamos env\u00edos dentro del territorio Colombiano, la seguridad, la cobertura y la calidad en el servicio, son primordiales\",\"breadcrumb\":{\"@id\":\"https:\/\/madecolombia.com\/col\/politicas-de-envio-colombia\/#breadcrumb\"},\"inLanguage\":\"es-CO\",\"potentialAction\":[{\"@type\":\"ReadAction\",\"target\":[\"https:\/\/madecolombia.com\/col\/politicas-de-envio-colombia\/\"]}]},{\"@type\":\"BreadcrumbList\",\"@id\":\"https:\/\/madecolombia.com\/col\/politicas-de-envio-colombia\/#breadcrumb\",\"itemListElement\":[{\"@type\":\"ListItem\",\"position\":1,\"name\":\"Inicio\",\"item\":\"https:\/\/madecolombia.com\/col\/\"},{\"@type\":\"ListItem\",\"position\":2,\"name\":\"Pol\u00edticas de env\u00edo Colombia\"}]},{\"@type\":\"WebSite\",\"@id\":\"https:\/\/madecolombia.com\/col\/#website\",\"url\":\"https:\/\/madecolombia.com\/col\/\",\"name\":\"MADECOLOMBIA\",\"description\":\"Maderoterapia corporal y facial, productos de madera 100% colombianos y garantizados entregados a domicilio.\",\"publisher\":{\"@id\":\"https:\/\/madecolombia.com\/col\/#organization\"},\"potentialAction\":[{\"@type\":\"SearchAction\",\"target\":{\"@type\":\"EntryPoint\",\"urlTemplate\":\"https:\/\/madecolombia.com\/col\/?s={search_term_string}\"},\"query-input\":{\"@type\":\"PropertyValueSpecification\",\"valueRequired\":true,\"valueName\":\"search_term_string\"}}],\"inLanguage\":\"es-CO\"},{\"@type\":\"Organization\",\"@id\":\"https:\/\/madecolombia.com\/col\/#organization\",\"name\":\"MADECOLOMBIA\",\"url\":\"https:\/\/madecolombia.com\/col\/\",\"logo\":{\"@type\":\"ImageObject\",\"inLanguage\":\"es-CO\",\"@id\":\"https:\/\/madecolombia.com\/col\/#\/schema\/logo\/image\/\",\"url\":\"https:\/\/madecolombia.com\/col\/wp-content\/uploads\/2020\/10\/logo-madecolombia.png\",\"contentUrl\":\"https:\/\/madecolombia.com\/col\/wp-content\/uploads\/2020\/10\/logo-madecolombia.png\",\"width\":2661,\"height\":516,\"caption\":\"MADECOLOMBIA\"},\"image\":{\"@id\":\"https:\/\/madecolombia.com\/col\/#\/schema\/logo\/image\/\"},\"sameAs\":[\"https:\/\/www.facebook.com\/distribucionmadecolombia\/\"]}]}<\/script>\n<!-- \/ Yoast SEO plugin. -->","yoast_head_json":{"title":"Pol\u00edticas de env\u00edo Colombia | MADECOLOMBIA","description":"Pol\u00edticas de env\u00edo Colombia Realizamos env\u00edos dentro del territorio Colombiano, la seguridad, la cobertura y la calidad en el servicio, son primordiales","robots":{"index":"index","follow":"follow","max-snippet":"max-snippet:-1","max-image-preview":"max-image-preview:large","max-video-preview":"max-video-preview:-1"},"canonical":"https:\/\/madecolombia.com\/col\/politicas-de-envio-colombia\/","og_locale":"es_ES","og_type":"article","og_title":"Pol\u00edticas de env\u00edo Colombia | MADECOLOMBIA","og_description":"Pol\u00edticas de env\u00edo Colombia Realizamos env\u00edos dentro del territorio Colombiano, la seguridad, la cobertura y la calidad en el servicio, son primordiales","og_url":"https:\/\/madecolombia.com\/col\/politicas-de-envio-colombia\/","og_site_name":"MADECOLOMBIA","article_publisher":"https:\/\/www.facebook.com\/distribucionmadecolombia\/","article_modified_time":"2020-12-03T18:24:40+00:00","twitter_card":"summary_large_image","twitter_misc":{"Tiempo de lectura":"5 minutos"},"schema":{"@context":"https:\/\/schema.org","@graph":[{"@type":"WebPage","@id":"https:\/\/madecolombia.com\/col\/politicas-de-envio-colombia\/","url":"https:\/\/madecolombia.com\/col\/politicas-de-envio-colombia\/","name":"Pol\u00edticas de env\u00edo Colombia | MADECOLOMBIA","isPartOf":{"@id":"https:\/\/madecolombia.com\/col\/#website"},"datePublished":"2020-11-28T03:40:25+00:00","dateModified":"2020-12-03T18:24:40+00:00","description":"Pol\u00edticas de env\u00edo Colombia Realizamos env\u00edos dentro del territorio Colombiano, la seguridad, la cobertura y la calidad en el servicio, son primordiales","breadcrumb":{"@id":"https:\/\/madecolombia.com\/col\/politicas-de-envio-colombia\/#breadcrumb"},"inLanguage":"es-CO","potentialAction":[{"@type":"ReadAction","target":["https:\/\/madecolombia.com\/col\/politicas-de-envio-colombia\/"]}]},{"@type":"BreadcrumbList","@id":"https:\/\/madecolombia.com\/col\/politicas-de-envio-colombia\/#breadcrumb","itemListElement":[{"@type":"ListItem","position":1,"name":"Inicio","item":"https:\/\/madecolombia.com\/col\/"},{"@type":"ListItem","position":2,"name":"Pol\u00edticas de env\u00edo Colombia"}]},{"@type":"WebSite","@id":"https:\/\/madecolombia.com\/col\/#website","url":"https:\/\/madecolombia.com\/col\/","name":"MADECOLOMBIA","description":"Maderoterapia corporal y facial, productos de madera 100% colombianos y garantizados entregados a domicilio.","publisher":{"@id":"https:\/\/madecolombia.com\/col\/#organization"},"potentialAction":[{"@type":"SearchAction","target":{"@type":"EntryPoint","urlTemplate":"https:\/\/madecolombia.com\/col\/?s={search_term_string}"},"query-input":{"@type":"PropertyValueSpecification","valueRequired":true,"valueName":"search_term_string"}}],"inLanguage":"es-CO"},{"@type":"Organization","@id":"https:\/\/madecolombia.com\/col\/#organization","name":"MADECOLOMBIA","url":"https:\/\/madecolombia.com\/col\/","logo":{"@type":"ImageObject","inLanguage":"es-CO","@id":"https:\/\/madecolombia.com\/col\/#\/schema\/logo\/image\/","url":"https:\/\/madecolombia.com\/col\/wp-content\/uploads\/2020\/10\/logo-madecolombia.png","contentUrl":"https:\/\/madecolombia.com\/col\/wp-content\/uploads\/2020\/10\/logo-madecolombia.png","width":2661,"height":516,"caption":"MADECOLOMBIA"},"image":{"@id":"https:\/\/madecolombia.com\/col\/#\/schema\/logo\/image\/"},"sameAs":["https:\/\/www.facebook.com\/distribucionmadecolombia\/"]}]}},"_links":{"self":[{"href":"https:\/\/madecolombia.com\/col\/wp-json\/wp\/v2\/pages\/456","targetHints":{"allow":["GET"]}}],"collection":[{"href":"https:\/\/madecolombia.com\/col\/wp-json\/wp\/v2\/pages"}],"about":[{"href":"https:\/\/madecolombia.com\/col\/wp-json\/wp\/v2\/types\/page"}],"author":[{"embeddable":true,"href":"https:\/\/madecolombia.com\/col\/wp-json\/wp\/v2\/users\/1"}],"replies":[{"embeddable":true,"href":"https:\/\/madecolombia.com\/col\/wp-json\/wp\/v2\/comments?post=456"}],"version-history":[{"count":7,"href":"https:\/\/madecolombia.com\/col\/wp-json\/wp\/v2\/pages\/456\/revisions"}],"predecessor-version":[{"id":854,"href":"https:\/\/madecolombia.com\/col\/wp-json\/wp\/v2\/pages\/456\/revisions\/854"}],"wp:attachment":[{"href":"https:\/\/madecolombia.com\/col\/wp-json\/wp\/v2\/media?parent=456"}],"curies":[{"name":"wp","href":"https:\/\/api.w.org\/{rel}","templated":true}]}}