{"id":460,"date":"2020-11-27T22:43:52","date_gmt":"2020-11-28T03:43:52","guid":{"rendered":"https:\/\/madecolombia.com\/col\/?page_id=460"},"modified":"2020-12-10T09:49:15","modified_gmt":"2020-12-10T14:49:15","slug":"politicas-de-envio-internacionales","status":"publish","type":"page","link":"https:\/\/madecolombia.com\/col\/politicas-de-envio-internacionales\/","title":{"rendered":"Pol\u00edticas de env\u00edo internacionales"},"content":{"rendered":"\t\t<div data-elementor-type=\"wp-page\" data-elementor-id=\"460\" class=\"elementor elementor-460\" data-elementor-settings=\"{&quot;element_pack_global_tooltip_width&quot;:{&quot;unit&quot;:&quot;px&quot;,&quot;size&quot;:&quot;&quot;,&quot;sizes&quot;:[]},&quot;element_pack_global_tooltip_width_tablet&quot;:{&quot;unit&quot;:&quot;px&quot;,&quot;size&quot;:&quot;&quot;,&quot;sizes&quot;:[]},&quot;element_pack_global_tooltip_width_mobile&quot;:{&quot;unit&quot;:&quot;px&quot;,&quot;size&quot;:&quot;&quot;,&quot;sizes&quot;:[]},&quot;element_pack_global_tooltip_padding&quot;:{&quot;unit&quot;:&quot;px&quot;,&quot;top&quot;:&quot;&quot;,&quot;right&quot;:&quot;&quot;,&quot;bottom&quot;:&quot;&quot;,&quot;left&quot;:&quot;&quot;,&quot;isLinked&quot;:true},&quot;element_pack_global_tooltip_padding_tablet&quot;:{&quot;unit&quot;:&quot;px&quot;,&quot;top&quot;:&quot;&quot;,&quot;right&quot;:&quot;&quot;,&quot;bottom&quot;:&quot;&quot;,&quot;left&quot;:&quot;&quot;,&quot;isLinked&quot;:true},&quot;element_pack_global_tooltip_padding_mobile&quot;:{&quot;unit&quot;:&quot;px&quot;,&quot;top&quot;:&quot;&quot;,&quot;right&quot;:&quot;&quot;,&quot;bottom&quot;:&quot;&quot;,&quot;left&quot;:&quot;&quot;,&quot;isLinked&quot;:true},&quot;element_pack_global_tooltip_border_radius&quot;:{&quot;unit&quot;:&quot;px&quot;,&quot;top&quot;:&quot;&quot;,&quot;right&quot;:&quot;&quot;,&quot;bottom&quot;:&quot;&quot;,&quot;left&quot;:&quot;&quot;,&quot;isLinked&quot;:true},&quot;element_pack_global_tooltip_border_radius_tablet&quot;:{&quot;unit&quot;:&quot;px&quot;,&quot;top&quot;:&quot;&quot;,&quot;right&quot;:&quot;&quot;,&quot;bottom&quot;:&quot;&quot;,&quot;left&quot;:&quot;&quot;,&quot;isLinked&quot;:true},&quot;element_pack_global_tooltip_border_radius_mobile&quot;:{&quot;unit&quot;:&quot;px&quot;,&quot;top&quot;:&quot;&quot;,&quot;right&quot;:&quot;&quot;,&quot;bottom&quot;:&quot;&quot;,&quot;left&quot;:&quot;&quot;,&quot;isLinked&quot;:true}}\" data-elementor-post-type=\"page\">\n\t\t\t\t\t\t<section class=\"elementor-section elementor-top-section elementor-element elementor-element-4bc748b elementor-section-boxed elementor-section-height-default elementor-section-height-default\" data-id=\"4bc748b\" data-element_type=\"section\">\n\t\t\t\t\t\t<div class=\"elementor-container elementor-column-gap-default\">\n\t\t\t\t\t<div class=\"elementor-column elementor-col-100 elementor-top-column elementor-element elementor-element-ae82540\" data-id=\"ae82540\" data-element_type=\"column\">\n\t\t\t<div class=\"elementor-widget-wrap elementor-element-populated\">\n\t\t\t\t\t\t<div class=\"elementor-element elementor-element-8593de2 elementor-widget elementor-widget-heading\" data-id=\"8593de2\" data-element_type=\"widget\" data-widget_type=\"heading.default\">\n\t\t\t\t<div class=\"elementor-widget-container\">\n\t\t\t\t\t<h1 class=\"elementor-heading-title elementor-size-default\">Pol\u00edticas de Env\u00edos Internacionales<\/h1>\t\t\t\t<\/div>\n\t\t\t\t<\/div>\n\t\t\t\t<div class=\"elementor-element elementor-element-2598e30 elementor-widget elementor-widget-text-editor\" data-id=\"2598e30\" data-element_type=\"widget\" data-widget_type=\"text-editor.default\">\n\t\t\t\t<div class=\"elementor-widget-container\">\n\t\t\t\t\t\t\t\t\t<p>Los siguientes t\u00e9rminos aplican para todos los env\u00edos internacionales.<\/p><p>Disponemos de un servicio para el env\u00edo de nuestros productos en muchos pa\u00edses alrededor del mundo.<\/p><p><strong><em>Notas Informativas:\u00a0<\/em><\/strong><\/p><p>-Los env\u00edos fuera de Colombia y Estados Unidos son clasificados como env\u00edos internacionales.<\/p><p>-Los env\u00edos Internacionales son procesados a trav\u00e9s nuestro Sitio Web WW.MADECOLOMBIA.COM en el formulario <a href=\"https:\/\/madecolombia.com\/col\/contacto\/\">\u2018Cont\u00e1ctenos\u2019<\/a> (Asunto: Compra Internacional), al correo electr\u00f3nico <a href=\"mailto:info@madecolombia.com\">info@madecolombia.com<\/a> (Asunto: Compra Internacional) O a trav\u00e9s del WhatsApp +1(818)626-1011.<\/p><p>-Antes de la entrega al destinatario, el env\u00edo podr\u00eda estar sujeto a las tasas aduaneras, derechos de importaci\u00f3n, impuestos y otros grav\u00e1menes. Estos cargos son siempre responsabilidad del destinatario.<\/p><p>-Las cotizaciones de costos de env\u00edos Internacionales son valores aproximados y pueden variar seg\u00fan el peso y las dimensiones de los paquetes.<\/p><p>-Las cotizaciones esta sujetas a la tasa de cambio aplicable diariamente.<\/p><p>-Estas cotizaciones solo incluyen fletes, no se incluyen impuestos, ni costos de aduana en destino.<\/p><p>-Los tiempos de transito son aproximados y no incluyen tiempos de aduana en origen y destino ni otros retrasos.<\/p><p>-MADECOLOMBIA no se hace responsable por la legislaci\u00f3n o pol\u00edticas aduaneras en destino como cambios de modalidad en los env\u00edos.<\/p><p>&#8211; Todo envi\u00f3 es susceptible de procesos de nacionalizaci\u00f3n ordenados por la aduana de cada pa\u00eds, MADECOLOMBIA no es responsable de costos de liberaci\u00f3n, nacionalizaci\u00f3n y\/o otros cargos adicionales.<\/p><p>&#8211; Todo envi\u00f3 es susceptible de pago de impuestos en destino.<\/p><p>&#8211; No es responsabilidad de MADECOLOMBIA, que los precios declarados de la mercanc\u00eda sean sujetos a revisi\u00f3n y\/o revaloraci\u00f3n por parte de la aduana en destino.<\/p><p>&#8211; Tarifas dadas en d\u00f3lares americanos.<\/p><p>-Los precios publicados en el Sitio Web NO incluyen costos de env\u00edo, salvo cuando expresamente lo indique alguna referencia o promoci\u00f3n en particular.<\/p><p>-Los precios de los productos pueden cambiar en cualquier momento sin previo aviso, no se pueden combinar promociones de otros medios distintos a los presentados en este Sitio Web.<\/p><p>-El cliente debe proporcionar una direcci\u00f3n v\u00e1lida localizable, donde pueda hacerse la entrega del pedido. En caso de que el cliente proporcione una direcci\u00f3n que no sea localizada por la compa\u00f1\u00eda de env\u00edos o cualquier otro costo adicional ser\u00e1 cubierto por el cliente mismo. No podemos procesar pedidos con la direcci\u00f3n de entrega incompleta.<\/p><p><strong>Recuerde:<\/strong><\/p><p><strong>Los env\u00edos Internacionales son procesados desde cualquier pa\u00eds a trav\u00e9s de :<\/strong><\/p><p><strong>-Nuestro Sitio Web <\/strong>WW.MADECOLOMBIA.COM <strong>en el formulario <a href=\"https:\/\/madecolombia.com\/col\/contacto\/\">\u2018Cont\u00e1ctenos\u2019<\/a> (Asunto: Compra Internacional)<\/strong><\/p><p><strong>-Correo electr\u00f3nico <\/strong><a href=\"mailto:info@madecolombia.com\">info@madecolombia.com<\/a> <strong>(Asunto<\/strong><strong>: Compra Internacional) <\/strong><\/p><p><strong>-WhatsApp +1(818)626-1011.<\/strong><\/p>\t\t\t\t\t\t\t\t<\/div>\n\t\t\t\t<\/div>\n\t\t\t\t\t<\/div>\n\t\t<\/div>\n\t\t\t\t\t<\/div>\n\t\t<\/section>\n\t\t\t\t<\/div>\n\t\t","protected":false},"excerpt":{"rendered":"<p>Pol\u00edticas de Env\u00edos Internacionales Los siguientes t\u00e9rminos aplican para todos los env\u00edos internacionales. Disponemos de un servicio para el env\u00edo de nuestros productos en muchos pa\u00edses alrededor del mundo. Notas Informativas:\u00a0 -Los env\u00edos fuera de Colombia y Estados Unidos son clasificados como env\u00edos internacionales. -Los env\u00edos Internacionales son procesados a trav\u00e9s nuestro Sitio Web WW.MADECOLOMBIA.COM &#8230; <a title=\"Pol\u00edticas de env\u00edo internacionales\" class=\"read-more\" href=\"https:\/\/madecolombia.com\/col\/politicas-de-envio-internacionales\/\" aria-label=\"Read more about Pol\u00edticas de env\u00edo internacionales\">Leer m\u00e1s<\/a><\/p>\n","protected":false},"author":1,"featured_media":0,"parent":0,"menu_order":0,"comment_status":"closed","ping_status":"closed","template":"elementor_header_footer","meta":{"inline_featured_image":false,"footnotes":""},"class_list":["post-460","page","type-page","status-publish"],"yoast_head":"<!-- This site is optimized with the Yoast SEO plugin v26.0 - https:\/\/yoast.com\/wordpress\/plugins\/seo\/ -->\n<title>Pol\u00edticas de env\u00edo internacionales | MADECOLOMBIA<\/title>\n<meta name=\"description\" content=\"Pol\u00edticas de Env\u00edos Internacionales Los siguientes t\u00e9rminos aplican para todos los env\u00edos internacionales.Disponemos de un servicio para el env\u00edo de\" \/>\n<meta name=\"robots\" content=\"index, follow, max-snippet:-1, max-image-preview:large, max-video-preview:-1\" \/>\n<link rel=\"canonical\" href=\"https:\/\/madecolombia.com\/col\/politicas-de-envio-internacionales\/\" \/>\n<meta property=\"og:locale\" content=\"es_ES\" \/>\n<meta property=\"og:type\" content=\"article\" \/>\n<meta property=\"og:title\" content=\"Pol\u00edticas de env\u00edo internacionales | MADECOLOMBIA\" \/>\n<meta property=\"og:description\" content=\"Pol\u00edticas de Env\u00edos Internacionales Los siguientes t\u00e9rminos aplican para todos los env\u00edos internacionales.Disponemos de un servicio para el env\u00edo de\" \/>\n<meta property=\"og:url\" content=\"https:\/\/madecolombia.com\/col\/politicas-de-envio-internacionales\/\" \/>\n<meta property=\"og:site_name\" content=\"MADECOLOMBIA\" \/>\n<meta property=\"article:publisher\" content=\"https:\/\/www.facebook.com\/distribucionmadecolombia\/\" \/>\n<meta property=\"article:modified_time\" content=\"2020-12-10T14:49:15+00:00\" \/>\n<meta name=\"twitter:card\" content=\"summary_large_image\" \/>\n<meta name=\"twitter:label1\" content=\"Tiempo de lectura\" \/>\n\t<meta name=\"twitter:data1\" content=\"2 minutos\" \/>\n<script type=\"application\/ld+json\" class=\"yoast-schema-graph\">{\"@context\":\"https:\/\/schema.org\",\"@graph\":[{\"@type\":\"WebPage\",\"@id\":\"https:\/\/madecolombia.com\/col\/politicas-de-envio-internacionales\/\",\"url\":\"https:\/\/madecolombia.com\/col\/politicas-de-envio-internacionales\/\",\"name\":\"Pol\u00edticas de env\u00edo internacionales | MADECOLOMBIA\",\"isPartOf\":{\"@id\":\"https:\/\/madecolombia.com\/col\/#website\"},\"datePublished\":\"2020-11-28T03:43:52+00:00\",\"dateModified\":\"2020-12-10T14:49:15+00:00\",\"description\":\"Pol\u00edticas de Env\u00edos Internacionales Los siguientes t\u00e9rminos aplican para todos los env\u00edos internacionales.Disponemos de un servicio para el env\u00edo de\",\"breadcrumb\":{\"@id\":\"https:\/\/madecolombia.com\/col\/politicas-de-envio-internacionales\/#breadcrumb\"},\"inLanguage\":\"es-CO\",\"potentialAction\":[{\"@type\":\"ReadAction\",\"target\":[\"https:\/\/madecolombia.com\/col\/politicas-de-envio-internacionales\/\"]}]},{\"@type\":\"BreadcrumbList\",\"@id\":\"https:\/\/madecolombia.com\/col\/politicas-de-envio-internacionales\/#breadcrumb\",\"itemListElement\":[{\"@type\":\"ListItem\",\"position\":1,\"name\":\"Inicio\",\"item\":\"https:\/\/madecolombia.com\/col\/\"},{\"@type\":\"ListItem\",\"position\":2,\"name\":\"Pol\u00edticas de env\u00edo internacionales\"}]},{\"@type\":\"WebSite\",\"@id\":\"https:\/\/madecolombia.com\/col\/#website\",\"url\":\"https:\/\/madecolombia.com\/col\/\",\"name\":\"MADECOLOMBIA\",\"description\":\"Maderoterapia corporal y facial, productos de madera 100% colombianos y garantizados entregados a domicilio.\",\"publisher\":{\"@id\":\"https:\/\/madecolombia.com\/col\/#organization\"},\"potentialAction\":[{\"@type\":\"SearchAction\",\"target\":{\"@type\":\"EntryPoint\",\"urlTemplate\":\"https:\/\/madecolombia.com\/col\/?s={search_term_string}\"},\"query-input\":{\"@type\":\"PropertyValueSpecification\",\"valueRequired\":true,\"valueName\":\"search_term_string\"}}],\"inLanguage\":\"es-CO\"},{\"@type\":\"Organization\",\"@id\":\"https:\/\/madecolombia.com\/col\/#organization\",\"name\":\"MADECOLOMBIA\",\"url\":\"https:\/\/madecolombia.com\/col\/\",\"logo\":{\"@type\":\"ImageObject\",\"inLanguage\":\"es-CO\",\"@id\":\"https:\/\/madecolombia.com\/col\/#\/schema\/logo\/image\/\",\"url\":\"https:\/\/madecolombia.com\/col\/wp-content\/uploads\/2020\/10\/logo-madecolombia.png\",\"contentUrl\":\"https:\/\/madecolombia.com\/col\/wp-content\/uploads\/2020\/10\/logo-madecolombia.png\",\"width\":2661,\"height\":516,\"caption\":\"MADECOLOMBIA\"},\"image\":{\"@id\":\"https:\/\/madecolombia.com\/col\/#\/schema\/logo\/image\/\"},\"sameAs\":[\"https:\/\/www.facebook.com\/distribucionmadecolombia\/\"]}]}<\/script>\n<!-- \/ Yoast SEO plugin. -->","yoast_head_json":{"title":"Pol\u00edticas de env\u00edo internacionales | MADECOLOMBIA","description":"Pol\u00edticas de Env\u00edos Internacionales Los siguientes t\u00e9rminos aplican para todos los env\u00edos internacionales.Disponemos de un servicio para el env\u00edo de","robots":{"index":"index","follow":"follow","max-snippet":"max-snippet:-1","max-image-preview":"max-image-preview:large","max-video-preview":"max-video-preview:-1"},"canonical":"https:\/\/madecolombia.com\/col\/politicas-de-envio-internacionales\/","og_locale":"es_ES","og_type":"article","og_title":"Pol\u00edticas de env\u00edo internacionales | MADECOLOMBIA","og_description":"Pol\u00edticas de Env\u00edos Internacionales Los siguientes t\u00e9rminos aplican para todos los env\u00edos internacionales.Disponemos de un servicio para el env\u00edo de","og_url":"https:\/\/madecolombia.com\/col\/politicas-de-envio-internacionales\/","og_site_name":"MADECOLOMBIA","article_publisher":"https:\/\/www.facebook.com\/distribucionmadecolombia\/","article_modified_time":"2020-12-10T14:49:15+00:00","twitter_card":"summary_large_image","twitter_misc":{"Tiempo de lectura":"2 minutos"},"schema":{"@context":"https:\/\/schema.org","@graph":[{"@type":"WebPage","@id":"https:\/\/madecolombia.com\/col\/politicas-de-envio-internacionales\/","url":"https:\/\/madecolombia.com\/col\/politicas-de-envio-internacionales\/","name":"Pol\u00edticas de env\u00edo internacionales | MADECOLOMBIA","isPartOf":{"@id":"https:\/\/madecolombia.com\/col\/#website"},"datePublished":"2020-11-28T03:43:52+00:00","dateModified":"2020-12-10T14:49:15+00:00","description":"Pol\u00edticas de Env\u00edos Internacionales Los siguientes t\u00e9rminos aplican para todos los env\u00edos internacionales.Disponemos de un servicio para el env\u00edo de","breadcrumb":{"@id":"https:\/\/madecolombia.com\/col\/politicas-de-envio-internacionales\/#breadcrumb"},"inLanguage":"es-CO","potentialAction":[{"@type":"ReadAction","target":["https:\/\/madecolombia.com\/col\/politicas-de-envio-internacionales\/"]}]},{"@type":"BreadcrumbList","@id":"https:\/\/madecolombia.com\/col\/politicas-de-envio-internacionales\/#breadcrumb","itemListElement":[{"@type":"ListItem","position":1,"name":"Inicio","item":"https:\/\/madecolombia.com\/col\/"},{"@type":"ListItem","position":2,"name":"Pol\u00edticas de env\u00edo internacionales"}]},{"@type":"WebSite","@id":"https:\/\/madecolombia.com\/col\/#website","url":"https:\/\/madecolombia.com\/col\/","name":"MADECOLOMBIA","description":"Maderoterapia corporal y facial, productos de madera 100% colombianos y garantizados entregados a domicilio.","publisher":{"@id":"https:\/\/madecolombia.com\/col\/#organization"},"potentialAction":[{"@type":"SearchAction","target":{"@type":"EntryPoint","urlTemplate":"https:\/\/madecolombia.com\/col\/?s={search_term_string}"},"query-input":{"@type":"PropertyValueSpecification","valueRequired":true,"valueName":"search_term_string"}}],"inLanguage":"es-CO"},{"@type":"Organization","@id":"https:\/\/madecolombia.com\/col\/#organization","name":"MADECOLOMBIA","url":"https:\/\/madecolombia.com\/col\/","logo":{"@type":"ImageObject","inLanguage":"es-CO","@id":"https:\/\/madecolombia.com\/col\/#\/schema\/logo\/image\/","url":"https:\/\/madecolombia.com\/col\/wp-content\/uploads\/2020\/10\/logo-madecolombia.png","contentUrl":"https:\/\/madecolombia.com\/col\/wp-content\/uploads\/2020\/10\/logo-madecolombia.png","width":2661,"height":516,"caption":"MADECOLOMBIA"},"image":{"@id":"https:\/\/madecolombia.com\/col\/#\/schema\/logo\/image\/"},"sameAs":["https:\/\/www.facebook.com\/distribucionmadecolombia\/"]}]}},"_links":{"self":[{"href":"https:\/\/madecolombia.com\/col\/wp-json\/wp\/v2\/pages\/460","targetHints":{"allow":["GET"]}}],"collection":[{"href":"https:\/\/madecolombia.com\/col\/wp-json\/wp\/v2\/pages"}],"about":[{"href":"https:\/\/madecolombia.com\/col\/wp-json\/wp\/v2\/types\/page"}],"author":[{"embeddable":true,"href":"https:\/\/madecolombia.com\/col\/wp-json\/wp\/v2\/users\/1"}],"replies":[{"embeddable":true,"href":"https:\/\/madecolombia.com\/col\/wp-json\/wp\/v2\/comments?post=460"}],"version-history":[{"count":8,"href":"https:\/\/madecolombia.com\/col\/wp-json\/wp\/v2\/pages\/460\/revisions"}],"predecessor-version":[{"id":946,"href":"https:\/\/madecolombia.com\/col\/wp-json\/wp\/v2\/pages\/460\/revisions\/946"}],"wp:attachment":[{"href":"https:\/\/madecolombia.com\/col\/wp-json\/wp\/v2\/media?parent=460"}],"curies":[{"name":"wp","href":"https:\/\/api.w.org\/{rel}","templated":true}]}}