{"id":567,"date":"2020-11-30T01:07:51","date_gmt":"2020-11-30T06:07:51","guid":{"rendered":"https:\/\/madecolombia.com\/col\/product\/copa-mediana-con-rodillo\/"},"modified":"2020-12-10T10:21:01","modified_gmt":"2020-12-10T15:21:01","slug":"copa-mediana-con-rodillo","status":"publish","type":"product","link":"https:\/\/madecolombia.com\/col\/producto\/copa-mediana-con-rodillo\/","title":{"rendered":"Copa Mediana con Rodillo"},"content":{"rendered":"<p>Copa Mediana con Rodillo, dise\u00f1ada para el moldeo y manejo de la celulitis, gracias su rodillo incorporado brinda excelentes resultados, \u00e9ste permite movilizar los dep\u00f3sitos de grasa y  l\u00edquidos que la producen y se encuentran localizadas en distintas zonas del cuerpo. Mejora eficazmente la micro circulaci\u00f3n local y reestablece el tejido afectado. Es ideal ya que permite localizar la grasa que se acumula en las zonas peque\u00f1as de cuerpo y las elimina a la perfecci\u00f3n, siempre que se combine el tratamiento con dietas y ejercicios. La grasa se ir\u00e1 eliminando a trav\u00e9s de la orina. <\/p>\n<p>Dimensiones: 18cm alto, 7inch high<br \/>\n9cm diametro, 3.5inch diameter<br \/>\nPeso: 7.5oz \/0.46 lbs<br \/>\nColor: Light Wood<\/p>\n","protected":false},"excerpt":{"rendered":"<p>Copa Mediana con Rodillo, dise\u00f1ada para el moldeo y manejo de la celulitis, gracias su rodillo incorporado brinda excelentes resultados, \u00e9ste permite movilizar los dep\u00f3sitos de grasa y l\u00edquidos que la producen y se encuentran localizadas en distintas zonas del cuerpo. Mejora eficazmente la micro circulaci\u00f3n local y reestablece el tejido afectado. Es ideal ya &#8230; <a title=\"Copa Mediana con Rodillo\" class=\"read-more\" href=\"https:\/\/madecolombia.com\/col\/producto\/copa-mediana-con-rodillo\/\" aria-label=\"Read more about Copa Mediana con Rodillo\">Leer m\u00e1s<\/a><\/p>\n","protected":false},"featured_media":516,"comment_status":"closed","ping_status":"closed","template":"","meta":{"inline_featured_image":false},"product_brand":[],"product_cat":[40,38],"product_tag":[],"class_list":{"0":"post-567","1":"product","2":"type-product","3":"status-publish","4":"has-post-thumbnail","6":"product_cat-copas","7":"product_cat-corporal","9":"first","10":"instock","11":"taxable","12":"shipping-taxable","13":"purchasable","14":"product-type-simple"},"yoast_head":"<!-- This site is optimized with the Yoast SEO plugin v26.0 - https:\/\/yoast.com\/wordpress\/plugins\/seo\/ -->\n<title>Copa Mediana con Rodillo | MADECOLOMBIA<\/title>\n<meta name=\"description\" content=\"Copa Mediana con Rodillo, dise\u00f1ada para el moldeo y manejo de la celulitis, gracias su rodillo incorporado brinda excelentes resultados, \u00e9ste permite\" \/>\n<meta name=\"robots\" content=\"noindex, follow\" \/>\n<meta property=\"og:locale\" content=\"es_ES\" \/>\n<meta property=\"og:type\" content=\"article\" \/>\n<meta property=\"og:title\" content=\"Copa Mediana con Rodillo | MADECOLOMBIA\" \/>\n<meta property=\"og:description\" content=\"Copa Mediana con Rodillo, dise\u00f1ada para el moldeo y manejo de la celulitis, gracias su rodillo incorporado brinda excelentes resultados, \u00e9ste permite\" \/>\n<meta property=\"og:url\" content=\"https:\/\/madecolombia.com\/col\/producto\/copa-mediana-con-rodillo\/\" \/>\n<meta property=\"og:site_name\" content=\"MADECOLOMBIA\" \/>\n<meta property=\"article:publisher\" content=\"https:\/\/www.facebook.com\/distribucionmadecolombia\/\" \/>\n<meta property=\"article:modified_time\" content=\"2020-12-10T15:21:01+00:00\" \/>\n<meta property=\"og:image\" content=\"https:\/\/madecolombia.com\/col\/wp-content\/uploads\/2020\/11\/Copa-mediana-rodillo.jpg\" \/>\n\t<meta property=\"og:image:width\" content=\"800\" \/>\n\t<meta property=\"og:image:height\" content=\"533\" \/>\n\t<meta property=\"og:image:type\" content=\"image\/jpeg\" \/>\n<meta name=\"twitter:card\" content=\"summary_large_image\" \/>\n<meta name=\"twitter:label1\" content=\"Tiempo de lectura\" \/>\n\t<meta name=\"twitter:data1\" content=\"1 minuto\" \/>\n<script type=\"application\/ld+json\" class=\"yoast-schema-graph\">{\"@context\":\"https:\/\/schema.org\",\"@graph\":[{\"@type\":\"WebPage\",\"@id\":\"https:\/\/madecolombia.com\/col\/producto\/copa-mediana-con-rodillo\/\",\"url\":\"https:\/\/madecolombia.com\/col\/producto\/copa-mediana-con-rodillo\/\",\"name\":\"Copa Mediana con Rodillo | MADECOLOMBIA\",\"isPartOf\":{\"@id\":\"https:\/\/madecolombia.com\/col\/#website\"},\"primaryImageOfPage\":{\"@id\":\"https:\/\/madecolombia.com\/col\/producto\/copa-mediana-con-rodillo\/#primaryimage\"},\"image\":{\"@id\":\"https:\/\/madecolombia.com\/col\/producto\/copa-mediana-con-rodillo\/#primaryimage\"},\"thumbnailUrl\":\"https:\/\/madecolombia.com\/col\/wp-content\/uploads\/2020\/11\/Copa-mediana-rodillo.jpg\",\"datePublished\":\"2020-11-30T06:07:51+00:00\",\"dateModified\":\"2020-12-10T15:21:01+00:00\",\"description\":\"Copa Mediana con Rodillo, dise\u00f1ada para el moldeo y manejo de la celulitis, gracias su rodillo incorporado brinda excelentes resultados, \u00e9ste permite\",\"breadcrumb\":{\"@id\":\"https:\/\/madecolombia.com\/col\/producto\/copa-mediana-con-rodillo\/#breadcrumb\"},\"inLanguage\":\"es-CO\",\"potentialAction\":[{\"@type\":\"ReadAction\",\"target\":[\"https:\/\/madecolombia.com\/col\/producto\/copa-mediana-con-rodillo\/\"]}]},{\"@type\":\"ImageObject\",\"inLanguage\":\"es-CO\",\"@id\":\"https:\/\/madecolombia.com\/col\/producto\/copa-mediana-con-rodillo\/#primaryimage\",\"url\":\"https:\/\/madecolombia.com\/col\/wp-content\/uploads\/2020\/11\/Copa-mediana-rodillo.jpg\",\"contentUrl\":\"https:\/\/madecolombia.com\/col\/wp-content\/uploads\/2020\/11\/Copa-mediana-rodillo.jpg\",\"width\":800,\"height\":533},{\"@type\":\"BreadcrumbList\",\"@id\":\"https:\/\/madecolombia.com\/col\/producto\/copa-mediana-con-rodillo\/#breadcrumb\",\"itemListElement\":[{\"@type\":\"ListItem\",\"position\":1,\"name\":\"Inicio\",\"item\":\"https:\/\/madecolombia.com\/col\/\"},{\"@type\":\"ListItem\",\"position\":2,\"name\":\"Shop\",\"item\":\"https:\/\/madecolombia.com\/col\/en\/shop\/\"},{\"@type\":\"ListItem\",\"position\":3,\"name\":\"Copa Mediana con Rodillo\"}]},{\"@type\":\"WebSite\",\"@id\":\"https:\/\/madecolombia.com\/col\/#website\",\"url\":\"https:\/\/madecolombia.com\/col\/\",\"name\":\"MADECOLOMBIA\",\"description\":\"Maderoterapia corporal y facial, productos de madera 100% colombianos y garantizados entregados a domicilio.\",\"publisher\":{\"@id\":\"https:\/\/madecolombia.com\/col\/#organization\"},\"potentialAction\":[{\"@type\":\"SearchAction\",\"target\":{\"@type\":\"EntryPoint\",\"urlTemplate\":\"https:\/\/madecolombia.com\/col\/?s={search_term_string}\"},\"query-input\":{\"@type\":\"PropertyValueSpecification\",\"valueRequired\":true,\"valueName\":\"search_term_string\"}}],\"inLanguage\":\"es-CO\"},{\"@type\":\"Organization\",\"@id\":\"https:\/\/madecolombia.com\/col\/#organization\",\"name\":\"MADECOLOMBIA\",\"url\":\"https:\/\/madecolombia.com\/col\/\",\"logo\":{\"@type\":\"ImageObject\",\"inLanguage\":\"es-CO\",\"@id\":\"https:\/\/madecolombia.com\/col\/#\/schema\/logo\/image\/\",\"url\":\"https:\/\/madecolombia.com\/col\/wp-content\/uploads\/2020\/10\/logo-madecolombia.png\",\"contentUrl\":\"https:\/\/madecolombia.com\/col\/wp-content\/uploads\/2020\/10\/logo-madecolombia.png\",\"width\":2661,\"height\":516,\"caption\":\"MADECOLOMBIA\"},\"image\":{\"@id\":\"https:\/\/madecolombia.com\/col\/#\/schema\/logo\/image\/\"},\"sameAs\":[\"https:\/\/www.facebook.com\/distribucionmadecolombia\/\"]}]}<\/script>\n<!-- \/ Yoast SEO plugin. -->","yoast_head_json":{"title":"Copa Mediana con Rodillo | MADECOLOMBIA","description":"Copa Mediana con Rodillo, dise\u00f1ada para el moldeo y manejo de la celulitis, gracias su rodillo incorporado brinda excelentes resultados, \u00e9ste permite","robots":{"index":"noindex","follow":"follow"},"og_locale":"es_ES","og_type":"article","og_title":"Copa Mediana con Rodillo | MADECOLOMBIA","og_description":"Copa Mediana con Rodillo, dise\u00f1ada para el moldeo y manejo de la celulitis, gracias su rodillo incorporado brinda excelentes resultados, \u00e9ste permite","og_url":"https:\/\/madecolombia.com\/col\/producto\/copa-mediana-con-rodillo\/","og_site_name":"MADECOLOMBIA","article_publisher":"https:\/\/www.facebook.com\/distribucionmadecolombia\/","article_modified_time":"2020-12-10T15:21:01+00:00","og_image":[{"width":800,"height":533,"url":"https:\/\/madecolombia.com\/col\/wp-content\/uploads\/2020\/11\/Copa-mediana-rodillo.jpg","type":"image\/jpeg"}],"twitter_card":"summary_large_image","twitter_misc":{"Tiempo de lectura":"1 minuto"},"schema":{"@context":"https:\/\/schema.org","@graph":[{"@type":"WebPage","@id":"https:\/\/madecolombia.com\/col\/producto\/copa-mediana-con-rodillo\/","url":"https:\/\/madecolombia.com\/col\/producto\/copa-mediana-con-rodillo\/","name":"Copa Mediana con Rodillo | MADECOLOMBIA","isPartOf":{"@id":"https:\/\/madecolombia.com\/col\/#website"},"primaryImageOfPage":{"@id":"https:\/\/madecolombia.com\/col\/producto\/copa-mediana-con-rodillo\/#primaryimage"},"image":{"@id":"https:\/\/madecolombia.com\/col\/producto\/copa-mediana-con-rodillo\/#primaryimage"},"thumbnailUrl":"https:\/\/madecolombia.com\/col\/wp-content\/uploads\/2020\/11\/Copa-mediana-rodillo.jpg","datePublished":"2020-11-30T06:07:51+00:00","dateModified":"2020-12-10T15:21:01+00:00","description":"Copa Mediana con Rodillo, dise\u00f1ada para el moldeo y manejo de la celulitis, gracias su rodillo incorporado brinda excelentes resultados, \u00e9ste permite","breadcrumb":{"@id":"https:\/\/madecolombia.com\/col\/producto\/copa-mediana-con-rodillo\/#breadcrumb"},"inLanguage":"es-CO","potentialAction":[{"@type":"ReadAction","target":["https:\/\/madecolombia.com\/col\/producto\/copa-mediana-con-rodillo\/"]}]},{"@type":"ImageObject","inLanguage":"es-CO","@id":"https:\/\/madecolombia.com\/col\/producto\/copa-mediana-con-rodillo\/#primaryimage","url":"https:\/\/madecolombia.com\/col\/wp-content\/uploads\/2020\/11\/Copa-mediana-rodillo.jpg","contentUrl":"https:\/\/madecolombia.com\/col\/wp-content\/uploads\/2020\/11\/Copa-mediana-rodillo.jpg","width":800,"height":533},{"@type":"BreadcrumbList","@id":"https:\/\/madecolombia.com\/col\/producto\/copa-mediana-con-rodillo\/#breadcrumb","itemListElement":[{"@type":"ListItem","position":1,"name":"Inicio","item":"https:\/\/madecolombia.com\/col\/"},{"@type":"ListItem","position":2,"name":"Shop","item":"https:\/\/madecolombia.com\/col\/en\/shop\/"},{"@type":"ListItem","position":3,"name":"Copa Mediana con Rodillo"}]},{"@type":"WebSite","@id":"https:\/\/madecolombia.com\/col\/#website","url":"https:\/\/madecolombia.com\/col\/","name":"MADECOLOMBIA","description":"Maderoterapia corporal y facial, productos de madera 100% colombianos y garantizados entregados a domicilio.","publisher":{"@id":"https:\/\/madecolombia.com\/col\/#organization"},"potentialAction":[{"@type":"SearchAction","target":{"@type":"EntryPoint","urlTemplate":"https:\/\/madecolombia.com\/col\/?s={search_term_string}"},"query-input":{"@type":"PropertyValueSpecification","valueRequired":true,"valueName":"search_term_string"}}],"inLanguage":"es-CO"},{"@type":"Organization","@id":"https:\/\/madecolombia.com\/col\/#organization","name":"MADECOLOMBIA","url":"https:\/\/madecolombia.com\/col\/","logo":{"@type":"ImageObject","inLanguage":"es-CO","@id":"https:\/\/madecolombia.com\/col\/#\/schema\/logo\/image\/","url":"https:\/\/madecolombia.com\/col\/wp-content\/uploads\/2020\/10\/logo-madecolombia.png","contentUrl":"https:\/\/madecolombia.com\/col\/wp-content\/uploads\/2020\/10\/logo-madecolombia.png","width":2661,"height":516,"caption":"MADECOLOMBIA"},"image":{"@id":"https:\/\/madecolombia.com\/col\/#\/schema\/logo\/image\/"},"sameAs":["https:\/\/www.facebook.com\/distribucionmadecolombia\/"]}]}},"_links":{"self":[{"href":"https:\/\/madecolombia.com\/col\/wp-json\/wp\/v2\/product\/567","targetHints":{"allow":["GET"]}}],"collection":[{"href":"https:\/\/madecolombia.com\/col\/wp-json\/wp\/v2\/product"}],"about":[{"href":"https:\/\/madecolombia.com\/col\/wp-json\/wp\/v2\/types\/product"}],"replies":[{"embeddable":true,"href":"https:\/\/madecolombia.com\/col\/wp-json\/wp\/v2\/comments?post=567"}],"wp:featuredmedia":[{"embeddable":true,"href":"https:\/\/madecolombia.com\/col\/wp-json\/wp\/v2\/media\/516"}],"wp:attachment":[{"href":"https:\/\/madecolombia.com\/col\/wp-json\/wp\/v2\/media?parent=567"}],"wp:term":[{"taxonomy":"product_brand","embeddable":true,"href":"https:\/\/madecolombia.com\/col\/wp-json\/wp\/v2\/product_brand?post=567"},{"taxonomy":"product_cat","embeddable":true,"href":"https:\/\/madecolombia.com\/col\/wp-json\/wp\/v2\/product_cat?post=567"},{"taxonomy":"product_tag","embeddable":true,"href":"https:\/\/madecolombia.com\/col\/wp-json\/wp\/v2\/product_tag?post=567"}],"curies":[{"name":"wp","href":"https:\/\/api.w.org\/{rel}","templated":true}]}}