{"id":1644,"date":"2022-03-23T18:56:31","date_gmt":"2022-03-23T23:56:31","guid":{"rendered":"https:\/\/madecolombia.com\/eeuu\/?post_type=product&#038;p=1644"},"modified":"2022-03-23T20:16:01","modified_gmt":"2022-03-24T01:16:01","slug":"rodillo-curvo-con-separadores","status":"publish","type":"product","link":"https:\/\/madecolombia.com\/eeuu\/product\/rodillo-curvo-con-separadores\/","title":{"rendered":"Rodillo Curvo con Separadores"},"content":{"rendered":"<p>Rodillo Curvo con Separadores su forma arqueada es ideal para cintura, caderas, costados, piernas y abdomen. Reduce masa corporal, eliminaci\u00f3n de lipodistrofias, combate la celulitis, fibrosis y masaje terap\u00e9utico, es ideal para producir est\u00edmulos saludables y bienestar, proporcionando una mejor agilidad muscular y una mayor vitalidad en todo el organismo, brinda una sensaci\u00f3n de relajaci\u00f3n y tranquilidad, mientras se trabaja arduamente en los contornos de la figura.<\/p>\n<p>Dimensiones: 40.64cm largo \/ 16inch long<br \/>\nPeso: 11.6oz \/ 0.72 lbs<\/p>\n","protected":false},"excerpt":{"rendered":"<p>Rodillo Curvo con Separadores su forma arqueada es ideal para cintura, caderas, costados, piernas y abdomen. Reduce masa corporal, eliminaci\u00f3n de lipodistrofias, combate la celulitis, fibrosis y masaje terap\u00e9utico, es ideal para producir est\u00edmulos saludables y bienestar, proporcionando una mejor agilidad muscular y una mayor vitalidad en todo el organismo, brinda una sensaci\u00f3n de relajaci\u00f3n &#8230; <a title=\"Rodillo Curvo con Separadores\" class=\"read-more\" href=\"https:\/\/madecolombia.com\/eeuu\/product\/rodillo-curvo-con-separadores\/\" aria-label=\"Read more about Rodillo Curvo con Separadores\">Read more<\/a><\/p>\n","protected":false},"featured_media":1647,"comment_status":"closed","ping_status":"closed","template":"","meta":{"inline_featured_image":false},"product_brand":[],"product_cat":[38,39],"product_tag":[],"class_list":{"0":"post-1644","1":"product","2":"type-product","3":"status-publish","4":"has-post-thumbnail","6":"product_cat-corporal","7":"product_cat-rodillos","9":"first","10":"instock","11":"purchasable","12":"product-type-simple"},"yoast_head":"<!-- This site is optimized with the Yoast SEO plugin v26.0 - https:\/\/yoast.com\/wordpress\/plugins\/seo\/ -->\n<title>Rodillo Curvo con Separadores | MADECOLOMBIA<\/title>\n<meta name=\"description\" content=\"Rodillo Curvo con Separadores su forma arqueada es ideal para cintura, caderas, costados, piernas y abdomen. Reduce masa corporal, eliminaci\u00f3n de\" \/>\n<meta name=\"robots\" content=\"noindex, follow\" \/>\n<meta property=\"og:locale\" content=\"en_US\" \/>\n<meta property=\"og:type\" content=\"article\" \/>\n<meta property=\"og:title\" content=\"Rodillo Curvo con Separadores | MADECOLOMBIA\" \/>\n<meta property=\"og:description\" content=\"Rodillo Curvo con Separadores su forma arqueada es ideal para cintura, caderas, costados, piernas y abdomen. Reduce masa corporal, eliminaci\u00f3n de\" \/>\n<meta property=\"og:url\" content=\"https:\/\/madecolombia.com\/eeuu\/product\/rodillo-curvo-con-separadores\/\" \/>\n<meta property=\"og:site_name\" content=\"MADECOLOMBIA\" \/>\n<meta property=\"article:publisher\" content=\"https:\/\/www.facebook.com\/distribucionmadecolombia\/\" \/>\n<meta property=\"article:modified_time\" content=\"2022-03-24T01:16:01+00:00\" \/>\n<meta property=\"og:image\" content=\"https:\/\/madecolombia.com\/eeuu\/wp-content\/uploads\/2022\/03\/WhatsApp-Image-2021-05-27-at-5.55.08-PM-1-1.jpeg\" \/>\n\t<meta property=\"og:image:width\" content=\"1280\" \/>\n\t<meta property=\"og:image:height\" content=\"852\" \/>\n\t<meta property=\"og:image:type\" content=\"image\/jpeg\" \/>\n<meta name=\"twitter:card\" content=\"summary_large_image\" \/>\n<script type=\"application\/ld+json\" class=\"yoast-schema-graph\">{\"@context\":\"https:\/\/schema.org\",\"@graph\":[{\"@type\":\"WebPage\",\"@id\":\"https:\/\/madecolombia.com\/eeuu\/product\/rodillo-curvo-con-separadores\/\",\"url\":\"https:\/\/madecolombia.com\/eeuu\/product\/rodillo-curvo-con-separadores\/\",\"name\":\"Rodillo Curvo con Separadores | MADECOLOMBIA\",\"isPartOf\":{\"@id\":\"https:\/\/madecolombia.com\/eeuu\/#website\"},\"primaryImageOfPage\":{\"@id\":\"https:\/\/madecolombia.com\/eeuu\/product\/rodillo-curvo-con-separadores\/#primaryimage\"},\"image\":{\"@id\":\"https:\/\/madecolombia.com\/eeuu\/product\/rodillo-curvo-con-separadores\/#primaryimage\"},\"thumbnailUrl\":\"https:\/\/madecolombia.com\/eeuu\/wp-content\/uploads\/2022\/03\/WhatsApp-Image-2021-05-27-at-5.55.08-PM-1-1.jpeg\",\"datePublished\":\"2022-03-23T23:56:31+00:00\",\"dateModified\":\"2022-03-24T01:16:01+00:00\",\"description\":\"Rodillo Curvo con Separadores su forma arqueada es ideal para cintura, caderas, costados, piernas y abdomen. Reduce masa corporal, eliminaci\u00f3n de\",\"breadcrumb\":{\"@id\":\"https:\/\/madecolombia.com\/eeuu\/product\/rodillo-curvo-con-separadores\/#breadcrumb\"},\"inLanguage\":\"en-US\",\"potentialAction\":[{\"@type\":\"ReadAction\",\"target\":[\"https:\/\/madecolombia.com\/eeuu\/product\/rodillo-curvo-con-separadores\/\"]}]},{\"@type\":\"ImageObject\",\"inLanguage\":\"en-US\",\"@id\":\"https:\/\/madecolombia.com\/eeuu\/product\/rodillo-curvo-con-separadores\/#primaryimage\",\"url\":\"https:\/\/madecolombia.com\/eeuu\/wp-content\/uploads\/2022\/03\/WhatsApp-Image-2021-05-27-at-5.55.08-PM-1-1.jpeg\",\"contentUrl\":\"https:\/\/madecolombia.com\/eeuu\/wp-content\/uploads\/2022\/03\/WhatsApp-Image-2021-05-27-at-5.55.08-PM-1-1.jpeg\",\"width\":1280,\"height\":852},{\"@type\":\"BreadcrumbList\",\"@id\":\"https:\/\/madecolombia.com\/eeuu\/product\/rodillo-curvo-con-separadores\/#breadcrumb\",\"itemListElement\":[{\"@type\":\"ListItem\",\"position\":1,\"name\":\"Home\",\"item\":\"https:\/\/madecolombia.com\/eeuu\/en\/100-colombian-wood-therapy\/\"},{\"@type\":\"ListItem\",\"position\":2,\"name\":\"Shop\",\"item\":\"https:\/\/madecolombia.com\/eeuu\/en\/shop\/\"},{\"@type\":\"ListItem\",\"position\":3,\"name\":\"Rodillo Curvo con Separadores\"}]},{\"@type\":\"WebSite\",\"@id\":\"https:\/\/madecolombia.com\/eeuu\/#website\",\"url\":\"https:\/\/madecolombia.com\/eeuu\/\",\"name\":\"MADECOLOMBIA\",\"description\":\"Maderoterapia corporal y facial, productos de madera 100% colombianos y garantizados entregados a domicilio.\",\"publisher\":{\"@id\":\"https:\/\/madecolombia.com\/eeuu\/#organization\"},\"potentialAction\":[{\"@type\":\"SearchAction\",\"target\":{\"@type\":\"EntryPoint\",\"urlTemplate\":\"https:\/\/madecolombia.com\/eeuu\/?s={search_term_string}\"},\"query-input\":{\"@type\":\"PropertyValueSpecification\",\"valueRequired\":true,\"valueName\":\"search_term_string\"}}],\"inLanguage\":\"en-US\"},{\"@type\":\"Organization\",\"@id\":\"https:\/\/madecolombia.com\/eeuu\/#organization\",\"name\":\"MADECOLOMBIA\",\"url\":\"https:\/\/madecolombia.com\/eeuu\/\",\"logo\":{\"@type\":\"ImageObject\",\"inLanguage\":\"en-US\",\"@id\":\"https:\/\/madecolombia.com\/eeuu\/#\/schema\/logo\/image\/\",\"url\":\"https:\/\/madecolombia.com\/eeuu\/wp-content\/uploads\/2020\/10\/logo-madecolombia.png\",\"contentUrl\":\"https:\/\/madecolombia.com\/eeuu\/wp-content\/uploads\/2020\/10\/logo-madecolombia.png\",\"width\":2661,\"height\":516,\"caption\":\"MADECOLOMBIA\"},\"image\":{\"@id\":\"https:\/\/madecolombia.com\/eeuu\/#\/schema\/logo\/image\/\"},\"sameAs\":[\"https:\/\/www.facebook.com\/distribucionmadecolombia\/\"]}]}<\/script>\n<!-- \/ Yoast SEO plugin. -->","yoast_head_json":{"title":"Rodillo Curvo con Separadores | MADECOLOMBIA","description":"Rodillo Curvo con Separadores su forma arqueada es ideal para cintura, caderas, costados, piernas y abdomen. Reduce masa corporal, eliminaci\u00f3n de","robots":{"index":"noindex","follow":"follow"},"og_locale":"en_US","og_type":"article","og_title":"Rodillo Curvo con Separadores | MADECOLOMBIA","og_description":"Rodillo Curvo con Separadores su forma arqueada es ideal para cintura, caderas, costados, piernas y abdomen. Reduce masa corporal, eliminaci\u00f3n de","og_url":"https:\/\/madecolombia.com\/eeuu\/product\/rodillo-curvo-con-separadores\/","og_site_name":"MADECOLOMBIA","article_publisher":"https:\/\/www.facebook.com\/distribucionmadecolombia\/","article_modified_time":"2022-03-24T01:16:01+00:00","og_image":[{"width":1280,"height":852,"url":"https:\/\/madecolombia.com\/eeuu\/wp-content\/uploads\/2022\/03\/WhatsApp-Image-2021-05-27-at-5.55.08-PM-1-1.jpeg","type":"image\/jpeg"}],"twitter_card":"summary_large_image","schema":{"@context":"https:\/\/schema.org","@graph":[{"@type":"WebPage","@id":"https:\/\/madecolombia.com\/eeuu\/product\/rodillo-curvo-con-separadores\/","url":"https:\/\/madecolombia.com\/eeuu\/product\/rodillo-curvo-con-separadores\/","name":"Rodillo Curvo con Separadores | MADECOLOMBIA","isPartOf":{"@id":"https:\/\/madecolombia.com\/eeuu\/#website"},"primaryImageOfPage":{"@id":"https:\/\/madecolombia.com\/eeuu\/product\/rodillo-curvo-con-separadores\/#primaryimage"},"image":{"@id":"https:\/\/madecolombia.com\/eeuu\/product\/rodillo-curvo-con-separadores\/#primaryimage"},"thumbnailUrl":"https:\/\/madecolombia.com\/eeuu\/wp-content\/uploads\/2022\/03\/WhatsApp-Image-2021-05-27-at-5.55.08-PM-1-1.jpeg","datePublished":"2022-03-23T23:56:31+00:00","dateModified":"2022-03-24T01:16:01+00:00","description":"Rodillo Curvo con Separadores su forma arqueada es ideal para cintura, caderas, costados, piernas y abdomen. Reduce masa corporal, eliminaci\u00f3n de","breadcrumb":{"@id":"https:\/\/madecolombia.com\/eeuu\/product\/rodillo-curvo-con-separadores\/#breadcrumb"},"inLanguage":"en-US","potentialAction":[{"@type":"ReadAction","target":["https:\/\/madecolombia.com\/eeuu\/product\/rodillo-curvo-con-separadores\/"]}]},{"@type":"ImageObject","inLanguage":"en-US","@id":"https:\/\/madecolombia.com\/eeuu\/product\/rodillo-curvo-con-separadores\/#primaryimage","url":"https:\/\/madecolombia.com\/eeuu\/wp-content\/uploads\/2022\/03\/WhatsApp-Image-2021-05-27-at-5.55.08-PM-1-1.jpeg","contentUrl":"https:\/\/madecolombia.com\/eeuu\/wp-content\/uploads\/2022\/03\/WhatsApp-Image-2021-05-27-at-5.55.08-PM-1-1.jpeg","width":1280,"height":852},{"@type":"BreadcrumbList","@id":"https:\/\/madecolombia.com\/eeuu\/product\/rodillo-curvo-con-separadores\/#breadcrumb","itemListElement":[{"@type":"ListItem","position":1,"name":"Home","item":"https:\/\/madecolombia.com\/eeuu\/en\/100-colombian-wood-therapy\/"},{"@type":"ListItem","position":2,"name":"Shop","item":"https:\/\/madecolombia.com\/eeuu\/en\/shop\/"},{"@type":"ListItem","position":3,"name":"Rodillo Curvo con Separadores"}]},{"@type":"WebSite","@id":"https:\/\/madecolombia.com\/eeuu\/#website","url":"https:\/\/madecolombia.com\/eeuu\/","name":"MADECOLOMBIA","description":"Maderoterapia corporal y facial, productos de madera 100% colombianos y garantizados entregados a domicilio.","publisher":{"@id":"https:\/\/madecolombia.com\/eeuu\/#organization"},"potentialAction":[{"@type":"SearchAction","target":{"@type":"EntryPoint","urlTemplate":"https:\/\/madecolombia.com\/eeuu\/?s={search_term_string}"},"query-input":{"@type":"PropertyValueSpecification","valueRequired":true,"valueName":"search_term_string"}}],"inLanguage":"en-US"},{"@type":"Organization","@id":"https:\/\/madecolombia.com\/eeuu\/#organization","name":"MADECOLOMBIA","url":"https:\/\/madecolombia.com\/eeuu\/","logo":{"@type":"ImageObject","inLanguage":"en-US","@id":"https:\/\/madecolombia.com\/eeuu\/#\/schema\/logo\/image\/","url":"https:\/\/madecolombia.com\/eeuu\/wp-content\/uploads\/2020\/10\/logo-madecolombia.png","contentUrl":"https:\/\/madecolombia.com\/eeuu\/wp-content\/uploads\/2020\/10\/logo-madecolombia.png","width":2661,"height":516,"caption":"MADECOLOMBIA"},"image":{"@id":"https:\/\/madecolombia.com\/eeuu\/#\/schema\/logo\/image\/"},"sameAs":["https:\/\/www.facebook.com\/distribucionmadecolombia\/"]}]}},"_links":{"self":[{"href":"https:\/\/madecolombia.com\/eeuu\/wp-json\/wp\/v2\/product\/1644","targetHints":{"allow":["GET"]}}],"collection":[{"href":"https:\/\/madecolombia.com\/eeuu\/wp-json\/wp\/v2\/product"}],"about":[{"href":"https:\/\/madecolombia.com\/eeuu\/wp-json\/wp\/v2\/types\/product"}],"replies":[{"embeddable":true,"href":"https:\/\/madecolombia.com\/eeuu\/wp-json\/wp\/v2\/comments?post=1644"}],"wp:featuredmedia":[{"embeddable":true,"href":"https:\/\/madecolombia.com\/eeuu\/wp-json\/wp\/v2\/media\/1647"}],"wp:attachment":[{"href":"https:\/\/madecolombia.com\/eeuu\/wp-json\/wp\/v2\/media?parent=1644"}],"wp:term":[{"taxonomy":"product_brand","embeddable":true,"href":"https:\/\/madecolombia.com\/eeuu\/wp-json\/wp\/v2\/product_brand?post=1644"},{"taxonomy":"product_cat","embeddable":true,"href":"https:\/\/madecolombia.com\/eeuu\/wp-json\/wp\/v2\/product_cat?post=1644"},{"taxonomy":"product_tag","embeddable":true,"href":"https:\/\/madecolombia.com\/eeuu\/wp-json\/wp\/v2\/product_tag?post=1644"}],"curies":[{"name":"wp","href":"https:\/\/api.w.org\/{rel}","templated":true}]}}